emainder when r is divided by 30.
8
Let u(a) = -2*a - 4 + 3*a + a - 5. Let l be u(10). Let d = -5 + l. What is the remainder when 9 is divided by d?
3
Let m be (-2)/(-9) - 3002/(-18). Suppose 3*q - 482 = -4*h, 0 = -4*h + q + 307 + m. Calculate the remainder when h is divided by 40.
39
Suppose -4*l - 12 = 0, -4*y + 3*l = -24 + 71. What is the remainder when (-1002)/y + (-3)/(-7) is divided by 25?
22
Suppose -x = x - 28. Let k = 1301 - 1265. Calculate the remainder when k is divided by x.
8
Let t be 8/(-1 - (4 + -6)). Suppose -3*r + 27 = q, -4*q + 46 = -2*r + t. Calculate the remainder when 23 is divided by q.
11
Suppose -2*t + 5*c = -4*t + 65, t - 40 = -5*c. What is the remainder when 221 is divided by t?
21
Suppose 38*a - 2501 - 349 = 0. Suppose 5*n = 2*h - 93, 4*h - 4*n + 7*n - 147 = 0. What is the remainder when a is divided by h?
36
Let s(z) = -2 - 30*z + 33*z - 3*z**2 - 3*z**2 - 6*z**3 + 4*z**2. What is the remainder when s(-3) is divided by 27?
25
Suppose 0 = -p + 2*p - 15. Suppose 0 = -21*n + 24*n - 174. Calculate the remainder when n is divided by p.
13
Suppose 4*g = 2*g + 8. Suppose -3*q = g*c + 26, -q + 23 = -0*q - 5*c. Calculate the remainder when (6/q)/(6/(-26)) is divided by 4.
1
Suppose 78 + 90 = 4*i. Suppose -30 = 2*s - i. Calculate the remainder when 8 is divided by s.
2
Let v(t) = t**3 - 5*t**2 - 7*t - 24. Calculate the remainder when v(10) is divided by 12.
10
Let x = 111 + -108. Suppose -16*j = -x*j - 702. What is the remainder when j is divided by 19 - 0*(-2)/4?
16
Let o(i) = 2*i**2 + 4*i - 4. Let g be o(4). Suppose 3*q - 5*c = -0*q + g, q = c + 14. Calculate the remainder when (-3 + (-51)/(-9))*9 is divided by q.
11
Suppose -4*k = -4*t - 192, -17*k + 189 = -13*k - 5*t. Calculate the remainder when k is divided by 6/(-9)*87/(-2).
22
Let t(r) = -2*r**2 + 35*r - 106. Calculate the remainder when 2177 is divided by t(13).
10
Let z = -14 + 27. Suppose 0 = -k + 155 + 102. Suppose k = 4*b - 6*y + y, -184 = -3*b - 5*y. What is the remainder when b is divided by z?
11
Let p = -4115 - -4159. Suppose -36 - 12 = -2*c. What is the remainder when p is divided by c?
20
Let g be 0 - 7 - 0/(-1). Let c = g - -11. Suppose -c*k + 50 = -2*k. What is the remainder when k is divided by 7?
4
Let a be (-10)/(4*(-1)/2). What is the remainder when ((-54)/(-5))/(1/a) is divided by 247/(-78)*3*-2?
16
Suppose 2*s - 23 = 5*d, 0*d - 2*d - 68 = -5*s. What is the remainder when 86 is divided by s?
2
Suppose 40 = 3*b - 14. Suppose 2*f = 8 + b. What is the remainder when f is divided by 5?
3
Suppose -7*a + 136 = -690. Suppose 5*b + 1 = 6*b. Calculate the remainder when a is divided by b + -1 + 0 + 30.
28
Suppose -24626 + 283634 = 96*r. What is the remainder when r is divided by 12?
10
Let h = -73 + 81. Let o(w) = 15*w - 4. Let k be o(4). Let s = k + -33. What is the remainder when s is divided by h?
7
Suppose 5*q - 7 - 3 = 0. What is the remainder when 22 is divided by (q/(-12)*22)/(1/(-3))?
0
Let f(d) = -4*d**2 + d**2 + 4*d**2 + 9*d - 15 + 0*d**2. Let u be f(-11). Let v(m) = 2*m - 6. What is the remainder when v(u) is divided by 5?
3
What is the remainder when ((-1017)/(-18))/(2/4) is divided by 38?
37
Let i(p) = -p - 35. Let y be i(0). Let v = y + 58. Let w = v + -18. What is the remainder when w is divided by 3?
2
Let r be (-10)/15 - 2/(-3). Let o = 11 - r. Suppose 4*c - 231 = 5*j, -153 = -3*c - 2*j - j. Calculate the remainder when c is divided by o.
10
Calculate the remainder when -16*(279/(-6))/(2 + 1) is divided by 14.
10
Suppose 4*c = -31*a + 29*a + 36, -16 = 4*a. Let v = 80 - 39. What is the remainder when v is divided by c?
8
Let z = 8 + -9. Let g be 126/(-12) - z/2. Let w(x) = -x**3 - 11*x**2 - 11*x + 13. Calculate the remainder when w(g) is divided by 6.
5
Suppose -p - p - 5*u + 469 = 0, 3*p = 5*u + 641. Suppose -5*m + p = m. Calculate the remainder when m is divided by 10.
7
Let t(p) = -3*p**3 + 5*p + 2. What is the remainder when 376 is divided by t(-2)?
8
Let l(v) = 4*v + 10. Let s be l(16). Let n = s - 69. Calculate the remainder when 17 is divided by n.
2
Let w(v) = -v**2 + 19*v + 18. What is the remainder when 225 is divided by w(16)?
27
Let b be 0/2 + 1 - 51. Let r(c) = 2*c**2 - 11*c - 82. Let s be r(12). Let h = b + s. What is the remainder when 93 is divided by h?
21
Let c(f) = 3*f**2 + 17*f + 4. Let j be (28/(-8))/((-2)/(-4)). Calculate the remainder when c(j) is divided by 9.
5
Let c(z) = 2*z**2 + 7*z + 3. Let r be c(-2). Calculate the remainder when (7/4 - r)/((-1)/(-16)) is divided by 11.
10
Let r(d) = 2*d**2 - 2*d + 5. Let p = 66 - 42. Calculate the remainder when r(5) is divided by p.
21
Let w(n) = -6*n**3 - 4*n**2 + 1. What is the remainder when w(-2) is divided by 12?
9
Suppose 4*t - 4 - 156 = 0. Suppose -42 = -8*c + 70. What is the remainder when t is divided by c?
12
Let o = 759 - 626. What is the remainder when 415 is divided by o?
16
Let x(d) = -8*d**3 + 8*d**2 - 8*d + 11. Let k(w) = -3*w**3 + 3*w**2 - 3*w + 4. Let s(p) = 11*k(p) - 4*x(p). Calculate the remainder when s(-3) is divided by 14.
11
Let c = -561 + 568. Calculate the remainder when 103 is divided by c.
5
Let j(k) = -21*k**3 - 4*k + 5. Let g(u) = -4*u**3 - u + 1. Let c(t) = -11*g(t) + 2*j(t). Calculate the remainder when 62 is divided by c(2).
20
Let t = -277 - -282. Suppose 85 = 5*u - 5*k, -3*u + 5*k - 83 = -6*u. What is the remainder when u is divided by t?
1
Let f = -103 - -128. What is the remainder when f is divided by 9?
7
Let v = 15 - -89. Let a = 9 + 6. Calculate the remainder when v is divided by a.
14
Calculate the remainder when 735 is divided by -10*(-20)/(-50) - (0 + -36).
31
Suppose 134 = -5*u + 674. Suppose -p = -5*a + u, -2*a + 36 = -0*p - 4*p. What is the remainder when a is divided by 15?
7
Suppose -7*r + 4*r + 240 = 0. Suppose -4*u - 5*f = -5*u + 4, 0 = -5*u - 5*f + r. Calculate the remainder when u is divided by 6.
2
Suppose -3*c - 463*n + 466*n + 78 = 0, n = -4*c + 89. What is the remainder when 308 is divided by c?
9
Let w(o) = -12*o + 230. Suppose z - 16 = -3*z. Calculate the remainder when w(17) is divided by z.
2
Suppose 5*l = -3*v + 2*v + 146, -v = -1. Suppose -6*k - 2*k + 920 = 0. What is the remainder when k is divided by l?
28
Let t(l) = 6*l**2 + 14*l + 45. Calculate the remainder when t(-4) is divided by 6.
1
Let f(z) = -z**2 - z - 1. Let b be f(5). Suppose -69*y - 12 = -68*y. Let o = y - b. What is the remainder when o is divided by 7?
5
Let r be 3 - -3*(-2)/(-3). Suppose 0 = 3*v - 3*u - 15, 0*u + 24 = 2*v + r*u. Calculate the remainder when v is divided by 3.
1
Let r(s) = -14*s - 4. Calculate the remainder when r(-7) is divided by 26.
16
Let p(a) = a**3 - 5*a**2 + 2*a - 6. Let y be p(5). Suppose -4*o = -5*j - 145, -4*o + 118 + 26 = -y*j. What is the remainder when 104 is divided by o?
34
Let o = 17 + -17. Suppose o = 5*y - 3*u - 72, -4*y + 57 = -0*y - 3*u. What is the remainder when 27 is divided by y?
12
Let m = -75 - -110. Calculate the remainder when m is divided by 14.
7
Suppose -3*p = -p - 12. Let j = -27 - 17. Let k = j + 65. Calculate the remainder when k is divided by p.
3
Let u = 585 - 495. Calculate the remainder when 110 is divided by u.
20
Let r(k) be the first derivative of -k**2 + 12*k + 6. What is the remainder when 64 is divided by r(-5)?
20
Let w(i) = 4*i**2 + 11*i + 3. Suppose -4*y + y = 9. What is the remainder when 8 is divided by w(y)?
2
Let d(p) = -p**3 + 5*p**2 + 26*p - 24. Calculate the remainder when 180 is divided by d(-5).
84
Let h(j) = -2*j**3 - j**2 + 4*j. Let d be h(-2). Suppose -d*m - 84 = -4*k - 0*m, 2*k - 36 = 5*m. What is the remainder when k is divided by 9?
5
Let f = -26 - -39. Let p = 13 + f. Let d(l) = 6*l**3 + 2*l**2 - 1. Calculate the remainder when p is divided by d(1).
5
Let j(y) = y - 3. Suppose -4 = -4*o - 0*o, -4*x + 18 = 2*o. Calculate the remainder when 1*((-10)/x)/(2/(-4)) is divided by j(7).
1
Let s = 550 + -233. Let k = s - 137. Suppose -h + 4*d = 3*h - k, 1 = d. Calculate the remainder when h is divided by 16.
14
Let s = 9 - 6. Suppose -35 - 13 = -s*f. Calculate the remainder when 141 is divided by f.
13
Suppose 108*w - 106*w = 190. Calculate the remainder when w is divided by 49.
46
Let j be 0 - (5 + -2 - (-2 + -11)). Let n(d) = -2*d**3 - 33*d**2 - 25*d - 17. What is the remainde